{"id":51,"date":"2024-06-03T10:04:12","date_gmt":"2024-06-03T08:04:12","guid":{"rendered":"https:\/\/preview.odenwaldversicherungen.de\/?page_id=51"},"modified":"2024-06-03T10:28:38","modified_gmt":"2024-06-03T08:28:38","slug":"odenwaldversicherungen","status":"publish","type":"page","link":"https:\/\/preview.odenwaldversicherungen.de\/","title":{"rendered":"Odenwaldversicherungen"},"content":{"rendered":"<div id=\"ez-toc-container\" class=\"ez-toc-v2_0_66_1 counter-hierarchy ez-toc-counter ez-toc-grey ez-toc-container-direction\">\n<div class=\"ez-toc-title-container\">\n<p class=\"ez-toc-title \" >Inhaltsverzeichnis<\/p>\n<span class=\"ez-toc-title-toggle\"><a href=\"#\" class=\"ez-toc-pull-right ez-toc-btn ez-toc-btn-xs ez-toc-btn-default ez-toc-toggle\" aria-label=\"Toggle Table of Content\"><span class=\"ez-toc-js-icon-con\"><span class=\"\"><span class=\"eztoc-hide\" style=\"display:none;\">Toggle<\/span><span class=\"ez-toc-icon-toggle-span\"><svg style=\"fill: #999;color:#999\" xmlns=\"http:\/\/www.w3.org\/2000\/svg\" class=\"list-377408\" width=\"20px\" height=\"20px\" viewBox=\"0 0 24 24\" fill=\"none\"><path d=\"M6 6H4v2h2V6zm14 0H8v2h12V6zM4 11h2v2H4v-2zm16 0H8v2h12v-2zM4 16h2v2H4v-2zm16 0H8v2h12v-2z\" fill=\"currentColor\"><\/path><\/svg><svg style=\"fill: #999;color:#999\" class=\"arrow-unsorted-368013\" xmlns=\"http:\/\/www.w3.org\/2000\/svg\" width=\"10px\" height=\"10px\" viewBox=\"0 0 24 24\" version=\"1.2\" baseProfile=\"tiny\"><path d=\"M18.2 9.3l-6.2-6.3-6.2 6.3c-.2.2-.3.4-.3.7s.1.5.3.7c.2.2.4.3.7.3h11c.3 0 .5-.1.7-.3.2-.2.3-.5.3-.7s-.1-.5-.3-.7zM5.8 14.7l6.2 6.3 6.2-6.3c.2-.2.3-.5.3-.7s-.1-.5-.3-.7c-.2-.2-.4-.3-.7-.3h-11c-.3 0-.5.1-.7.3-.2.2-.3.5-.3.7s.1.5.3.7z\"\/><\/svg><\/span><\/span><\/span><\/a><\/span><\/div>\n<nav><ul class='ez-toc-list ez-toc-list-level-1 ' ><li class='ez-toc-page-1 ez-toc-heading-level-2'><a class=\"ez-toc-link ez-toc-heading-1\" href=\"https:\/\/preview.odenwaldversicherungen.de\/#Ihr_Versicherungsmakler_in_Hoechst_im_Odenwald_Erbach_und_Michelstadt\" title=\"Ihr Versicherungsmakler in H\u00f6chst im Odenwald, Erbach und Michelstadt\">Ihr Versicherungsmakler in H\u00f6chst im Odenwald, Erbach und Michelstadt<\/a><\/li><li class='ez-toc-page-1 ez-toc-heading-level-2'><a class=\"ez-toc-link ez-toc-heading-2\" href=\"https:\/\/preview.odenwaldversicherungen.de\/#Unsere_Leistungen\" title=\"Unsere Leistungen:\">Unsere Leistungen:<\/a><ul class='ez-toc-list-level-3' ><li class='ez-toc-heading-level-3'><a class=\"ez-toc-link ez-toc-heading-3\" href=\"https:\/\/preview.odenwaldversicherungen.de\/#Unser_Service\" title=\"Unser Service:\">Unser Service:<\/a><\/li><\/ul><\/li><\/ul><\/nav><\/div>\n<h2><span class=\"ez-toc-section\" id=\"Ihr_Versicherungsmakler_in_Hoechst_im_Odenwald_Erbach_und_Michelstadt\"><\/span><strong>Ihr Versicherungsmakler in H\u00f6chst im Odenwald, Erbach und Michelstadt<\/strong><span class=\"ez-toc-section-end\"><\/span><\/h2>\n<p>Willkommen bei Odenwaldversicherungen \u2013 Ihrem zuverl\u00e4ssigen Partner f\u00fcr individuelle Versicherungsl\u00f6sungen im Odenwald. Wir bieten umfassende Beratung und Betreuung f\u00fcr Privat- und Gesch\u00e4ftskunden in H\u00f6chst, Erbach, Michelstadt und Umgebung.<\/p>\n<h2><span class=\"ez-toc-section\" id=\"Unsere_Leistungen\"><\/span><strong>Unsere Leistungen:<\/strong><span class=\"ez-toc-section-end\"><\/span><\/h2>\n<p>&#8211; <strong>Analyse Ihrer Versicherungssituation:<\/strong> Wir pr\u00fcfen Ihre aktuellen Versicherungsvertr\u00e4ge und identifizieren Absicherungsl\u00fccken.<br \/>\n&#8211; <strong>Kostenoptimierung:<\/strong> Wir helfen Ihnen, Beitr\u00e4ge zu sparen, ohne auf wichtigen Schutz zu verzichten.<br \/>\n<strong>&#8211; Breites Angebot:<\/strong> Von Lebens- und Rentenversicherungen bis hin zu gewerblichen Haftpflichtversicherungen.<\/p>\n<p><strong>Pers\u00f6nliche Betreuung:<\/strong><\/p>\n<p>Unser ungebundener Versicherungsmakler Raphael Sebbane steht Ihnen mit langj\u00e4hriger Erfahrung und umfassendem Fachwissen zur Seite. Wir unterst\u00fctzen Sie bei der Auswahl und dem Abschluss leistungsstarker Versicherungen und k\u00fcmmern uns um Ihre Anliegen w\u00e4hrend der gesamten Vertragslaufzeit.<\/p>\n<h3><span class=\"ez-toc-section\" id=\"Unser_Service\"><\/span><strong>Unser Service:<\/strong><span class=\"ez-toc-section-end\"><\/span><\/h3>\n<p>&#8211; Kostenfreie Erstberatung: Nutzen Sie unsere kostenlose Beratung und Vertragspr\u00fcfung.<br \/>\n&#8211; Umfassender Vergleich: Wir vergleichen verschiedene Anbieter, um f\u00fcr Sie die besten\u00a0\u00a0\u00a0\u00a0\u00a0 Leistungen zu finden.<br \/>\n&#8211; Individuelle L\u00f6sungen: Jede Versicherung wird individuell auf Ihre Bed\u00fcrfnisse angepasst.<\/p>\n<p><strong>Kontaktieren Sie uns:<\/strong><\/p>\n<p>Erreichen Sie uns telefonisch unter 06163\/9139752 oder per E-Mail an info@odenwaldversicherungen.de. Besuchen Sie uns in unserem B\u00fcro in der Erbacher Stra\u00dfe 11, 64739 H\u00f6chst.<\/p>\n<p>&#8212;<\/p>\n<p>F\u00fcr mehr Informationen besuchen Sie bitte [Odenwaldversicherungen](https:\/\/odenwaldversicherungen.de\/).<\/p>\n","protected":false},"excerpt":{"rendered":"<p>Ihr Versicherungsmakler in H\u00f6chst im Odenwald, Erbach und Michelstadt Willkommen bei Odenwaldversicherungen \u2013 Ihrem zuverl\u00e4ssigen Partner f\u00fcr individuelle Versicherungsl\u00f6sungen im Odenwald. Wir bieten umfassende Beratung und Betreuung f\u00fcr Privat- und Gesch\u00e4ftskunden in H\u00f6chst, Erbach, Michelstadt und Umgebung. Unsere Leistungen: &#8211; Analyse Ihrer Versicherungssituation: Wir pr\u00fcfen Ihre aktuellen Versicherungsvertr\u00e4ge und identifizieren Absicherungsl\u00fccken. &#8211; Kostenoptimierung: Wir helfen [&hellip;]<\/p>\n","protected":false},"author":2,"featured_media":55,"parent":0,"menu_order":0,"comment_status":"closed","ping_status":"closed","template":"","meta":{"footnotes":""},"class_list":["post-51","page","type-page","status-publish","has-post-thumbnail","hentry"],"_links":{"self":[{"href":"https:\/\/preview.odenwaldversicherungen.de\/index.php\/wp-json\/wp\/v2\/pages\/51","targetHints":{"allow":["GET"]}}],"collection":[{"href":"https:\/\/preview.odenwaldversicherungen.de\/index.php\/wp-json\/wp\/v2\/pages"}],"about":[{"href":"https:\/\/preview.odenwaldversicherungen.de\/index.php\/wp-json\/wp\/v2\/types\/page"}],"author":[{"embeddable":true,"href":"https:\/\/preview.odenwaldversicherungen.de\/index.php\/wp-json\/wp\/v2\/users\/2"}],"replies":[{"embeddable":true,"href":"https:\/\/preview.odenwaldversicherungen.de\/index.php\/wp-json\/wp\/v2\/comments?post=51"}],"version-history":[{"count":3,"href":"https:\/\/preview.odenwaldversicherungen.de\/index.php\/wp-json\/wp\/v2\/pages\/51\/revisions"}],"predecessor-version":[{"id":58,"href":"https:\/\/preview.odenwaldversicherungen.de\/index.php\/wp-json\/wp\/v2\/pages\/51\/revisions\/58"}],"wp:featuredmedia":[{"embeddable":true,"href":"https:\/\/preview.odenwaldversicherungen.de\/index.php\/wp-json\/wp\/v2\/media\/55"}],"wp:attachment":[{"href":"https:\/\/preview.odenwaldversicherungen.de\/index.php\/wp-json\/wp\/v2\/media?parent=51"}],"curies":[{"name":"wp","href":"https:\/\/api.w.org\/{rel}","templated":true}]}}