{"id":82,"date":"2024-06-10T09:30:00","date_gmt":"2024-06-10T07:30:00","guid":{"rendered":"https:\/\/preview.odenwaldversicherungen.de\/?page_id=82"},"modified":"2024-06-10T09:33:53","modified_gmt":"2024-06-10T07:33:53","slug":"wohngebaeudeversicherung","status":"publish","type":"page","link":"https:\/\/preview.odenwaldversicherungen.de\/index.php\/wohngebaeudeversicherung\/","title":{"rendered":"Wohngebaeudeversicherung"},"content":{"rendered":"<div id=\"ez-toc-container\" class=\"ez-toc-v2_0_66_1 counter-hierarchy ez-toc-counter ez-toc-grey ez-toc-container-direction\">\n<div class=\"ez-toc-title-container\">\n<p class=\"ez-toc-title \" >Inhaltsverzeichnis<\/p>\n<span class=\"ez-toc-title-toggle\"><a href=\"#\" class=\"ez-toc-pull-right ez-toc-btn ez-toc-btn-xs ez-toc-btn-default ez-toc-toggle\" aria-label=\"Toggle Table of Content\"><span class=\"ez-toc-js-icon-con\"><span class=\"\"><span class=\"eztoc-hide\" style=\"display:none;\">Toggle<\/span><span class=\"ez-toc-icon-toggle-span\"><svg style=\"fill: #999;color:#999\" xmlns=\"http:\/\/www.w3.org\/2000\/svg\" class=\"list-377408\" width=\"20px\" height=\"20px\" viewBox=\"0 0 24 24\" fill=\"none\"><path d=\"M6 6H4v2h2V6zm14 0H8v2h12V6zM4 11h2v2H4v-2zm16 0H8v2h12v-2zM4 16h2v2H4v-2zm16 0H8v2h12v-2z\" fill=\"currentColor\"><\/path><\/svg><svg style=\"fill: #999;color:#999\" class=\"arrow-unsorted-368013\" xmlns=\"http:\/\/www.w3.org\/2000\/svg\" width=\"10px\" height=\"10px\" viewBox=\"0 0 24 24\" version=\"1.2\" baseProfile=\"tiny\"><path d=\"M18.2 9.3l-6.2-6.3-6.2 6.3c-.2.2-.3.4-.3.7s.1.5.3.7c.2.2.4.3.7.3h11c.3 0 .5-.1.7-.3.2-.2.3-.5.3-.7s-.1-.5-.3-.7zM5.8 14.7l6.2 6.3 6.2-6.3c.2-.2.3-.5.3-.7s-.1-.5-.3-.7c-.2-.2-.4-.3-.7-.3h-11c-.3 0-.5.1-.7.3-.2.2-.3.5-.3.7s.1.5.3.7z\"\/><\/svg><\/span><\/span><\/span><\/a><\/span><\/div>\n<nav><ul class='ez-toc-list ez-toc-list-level-1 ' ><li class='ez-toc-page-1 ez-toc-heading-level-2'><a class=\"ez-toc-link ez-toc-heading-1\" href=\"https:\/\/preview.odenwaldversicherungen.de\/index.php\/wohngebaeudeversicherung\/#Wohngebaeudeversicherung_Odenwald_Optimaler_Schutz_fuer_Ihr_Zuhause\" title=\"Wohngeb\u00e4udeversicherung Odenwald: Optimaler Schutz f\u00fcr Ihr Zuhause\">Wohngeb\u00e4udeversicherung Odenwald: Optimaler Schutz f\u00fcr Ihr Zuhause<\/a><\/li><li class='ez-toc-page-1 ez-toc-heading-level-2'><a class=\"ez-toc-link ez-toc-heading-2\" href=\"https:\/\/preview.odenwaldversicherungen.de\/index.php\/wohngebaeudeversicherung\/#Warum_eine_Wohngebaeudeversicherung_im_Odenwald_unverzichtbar_ist\" title=\"Warum eine Wohngeb\u00e4udeversicherung im Odenwald unverzichtbar ist\">Warum eine Wohngeb\u00e4udeversicherung im Odenwald unverzichtbar ist<\/a><\/li><li class='ez-toc-page-1 ez-toc-heading-level-2'><a class=\"ez-toc-link ez-toc-heading-3\" href=\"https:\/\/preview.odenwaldversicherungen.de\/index.php\/wohngebaeudeversicherung\/#Was_deckt_eine_Wohngebaeudeversicherung_ab\" title=\"Was deckt eine Wohngeb\u00e4udeversicherung ab?\">Was deckt eine Wohngeb\u00e4udeversicherung ab?<\/a><\/li><li class='ez-toc-page-1 ez-toc-heading-level-2'><a class=\"ez-toc-link ez-toc-heading-4\" href=\"https:\/\/preview.odenwaldversicherungen.de\/index.php\/wohngebaeudeversicherung\/#Besonderheiten_der_Wohngebaeudeversicherung_im_Odenwald\" title=\"Besonderheiten der Wohngeb\u00e4udeversicherung im Odenwald\">Besonderheiten der Wohngeb\u00e4udeversicherung im Odenwald<\/a><\/li><li class='ez-toc-page-1 ez-toc-heading-level-2'><a class=\"ez-toc-link ez-toc-heading-5\" href=\"https:\/\/preview.odenwaldversicherungen.de\/index.php\/wohngebaeudeversicherung\/#Tipps_zur_Auswahl_der_besten_Wohngebaeudeversicherung_im_Odenwald\" title=\"Tipps zur Auswahl der besten Wohngeb\u00e4udeversicherung im Odenwald\">Tipps zur Auswahl der besten Wohngeb\u00e4udeversicherung im Odenwald<\/a><\/li><li class='ez-toc-page-1 ez-toc-heading-level-2'><a class=\"ez-toc-link ez-toc-heading-6\" href=\"https:\/\/preview.odenwaldversicherungen.de\/index.php\/wohngebaeudeversicherung\/#Fazit\" title=\"Fazit:\">Fazit:<\/a><\/li><\/ul><\/nav><\/div>\n<h2><span class=\"ez-toc-section\" id=\"Wohngebaeudeversicherung_Odenwald_Optimaler_Schutz_fuer_Ihr_Zuhause\"><\/span><strong>Wohngeb\u00e4udeversicherung Odenwald: Optimaler Schutz f\u00fcr Ihr Zuhause<\/strong><span class=\"ez-toc-section-end\"><\/span><\/h2>\n<h2><span class=\"ez-toc-section\" id=\"Warum_eine_Wohngebaeudeversicherung_im_Odenwald_unverzichtbar_ist\"><\/span><strong>Warum eine Wohngeb\u00e4udeversicherung im Odenwald unverzichtbar ist<\/strong><span class=\"ez-toc-section-end\"><\/span><\/h2>\n<p>Der Odenwald, bekannt f\u00fcr seine malerische Landschaft und idyllischen D\u00f6rfer, bietet eine wundersch\u00f6ne Umgebung zum Leben und Wohnen. Doch wie \u00fcberall, sind auch hier Hausbesitzer Risiken ausgesetzt. Eine Wohngeb\u00e4udeversicherung im Odenwald ist daher essenziell, um Ihr Eigentum vor unvorhersehbaren Sch\u00e4den zu sch\u00fctzen.<\/p>\n<h2><span class=\"ez-toc-section\" id=\"Was_deckt_eine_Wohngebaeudeversicherung_ab\"><\/span><strong>Was deckt eine Wohngeb\u00e4udeversicherung ab?<\/strong><span class=\"ez-toc-section-end\"><\/span><\/h2>\n<p>Eine Wohngeb\u00e4udeversicherung sch\u00fctzt Ihr Haus und damit verbundene Geb\u00e4udeteile wie Garagen, Carports und Nebengeb\u00e4ude. Sie bietet umfassenden Schutz gegen eine Vielzahl von Gefahren:<\/p>\n<p>&#8211; Feuer: Sch\u00fctzt vor Sch\u00e4den durch Br\u00e4nde, Blitzschlag und Explosionen.<br \/>\n&#8211; Wasser: Deckt Sch\u00e4den durch Leitungswasser, Rohrbr\u00fcche und R\u00fcckstau ab.<br \/>\n&#8211; Sturm und Hagel: Bietet Schutz vor den Naturgewalten, die insbesondere im Odenwald nicht selten auftreten.<br \/>\n&#8211; Elementarsch\u00e4den: Optional k\u00f6nnen auch Sch\u00e4den durch Erdbeben, \u00dcberschwemmungen und Erdrutsche versichert werden.<\/p>\n<h2><span class=\"ez-toc-section\" id=\"Besonderheiten_der_Wohngebaeudeversicherung_im_Odenwald\"><\/span><strong>Besonderheiten der Wohngeb\u00e4udeversicherung im Odenwald<\/strong><span class=\"ez-toc-section-end\"><\/span><\/h2>\n<p>Im Odenwald k\u00f6nnen spezifische Risiken wie starke St\u00fcrme, Hagel oder Hochwasser aufgrund der geografischen Lage eine erh\u00f6hte Bedeutung haben. Es ist daher ratsam, eine Wohngeb\u00e4udeversicherung zu w\u00e4hlen, die speziell auf die regionalen Gegebenheiten abgestimmt ist.<\/p>\n<h2><span class=\"ez-toc-section\" id=\"Tipps_zur_Auswahl_der_besten_Wohngebaeudeversicherung_im_Odenwald\"><\/span><strong>Tipps zur Auswahl der besten Wohngeb\u00e4udeversicherung im Odenwald<\/strong><span class=\"ez-toc-section-end\"><\/span><\/h2>\n<p>1. Vergleichen Sie Angebote: Nutzen Sie unseren Vergleichsrechner und holen Sie mehrere Angebote ein, um die besten Konditionen zu finden.<br \/>\n2. Achten Sie auf den Leistungsumfang: Stellen Sie sicher, dass alle relevanten Risiken abgedeckt sind und keine wichtigen Bausteine fehlen.<br \/>\n3. Beratung vor Ort: Nutzen Sie unsere Expertise als lokaler Versicherungsmakler im Odenwald.<\/p>\n<h2><span class=\"ez-toc-section\" id=\"Fazit\"><\/span><strong>Fazit:<\/strong><span class=\"ez-toc-section-end\"><\/span><\/h2>\n<p>Eine Wohngeb\u00e4udeversicherung im Odenwald ist unerl\u00e4sslich, um Ihr Zuhause vor den vielf\u00e4ltigen Risiken zu sch\u00fctzen, die in dieser Region auftreten k\u00f6nnen. Mit der richtigen Versicherung genie\u00dfen Sie die Sch\u00f6nheit des Odenwalds, ohne sich um m\u00f6gliche Sch\u00e4den sorgen zu m\u00fcssen. Vergleichen Sie Angebote, achten Sie auf umfassenden Schutz und nutzen Sie die Beratung vor Ort, um die optimale Versicherung f\u00fcr Ihr Wohngeb\u00e4ude zu finden.<\/p>\n<p>&nbsp;<\/p>\n<p>&nbsp;<\/p>\n","protected":false},"excerpt":{"rendered":"<p>Wohngeb\u00e4udeversicherung Odenwald: Optimaler Schutz f\u00fcr Ihr Zuhause Warum eine Wohngeb\u00e4udeversicherung im Odenwald unverzichtbar ist Der Odenwald, bekannt f\u00fcr seine malerische Landschaft und idyllischen D\u00f6rfer, bietet eine wundersch\u00f6ne Umgebung zum Leben und Wohnen. Doch wie \u00fcberall, sind auch hier Hausbesitzer Risiken ausgesetzt. Eine Wohngeb\u00e4udeversicherung im Odenwald ist daher essenziell, um Ihr Eigentum vor unvorhersehbaren Sch\u00e4den zu [&hellip;]<\/p>\n","protected":false},"author":2,"featured_media":0,"parent":0,"menu_order":0,"comment_status":"closed","ping_status":"closed","template":"","meta":{"footnotes":""},"class_list":["post-82","page","type-page","status-publish","hentry"],"_links":{"self":[{"href":"https:\/\/preview.odenwaldversicherungen.de\/index.php\/wp-json\/wp\/v2\/pages\/82","targetHints":{"allow":["GET"]}}],"collection":[{"href":"https:\/\/preview.odenwaldversicherungen.de\/index.php\/wp-json\/wp\/v2\/pages"}],"about":[{"href":"https:\/\/preview.odenwaldversicherungen.de\/index.php\/wp-json\/wp\/v2\/types\/page"}],"author":[{"embeddable":true,"href":"https:\/\/preview.odenwaldversicherungen.de\/index.php\/wp-json\/wp\/v2\/users\/2"}],"replies":[{"embeddable":true,"href":"https:\/\/preview.odenwaldversicherungen.de\/index.php\/wp-json\/wp\/v2\/comments?post=82"}],"version-history":[{"count":2,"href":"https:\/\/preview.odenwaldversicherungen.de\/index.php\/wp-json\/wp\/v2\/pages\/82\/revisions"}],"predecessor-version":[{"id":85,"href":"https:\/\/preview.odenwaldversicherungen.de\/index.php\/wp-json\/wp\/v2\/pages\/82\/revisions\/85"}],"wp:attachment":[{"href":"https:\/\/preview.odenwaldversicherungen.de\/index.php\/wp-json\/wp\/v2\/media?parent=82"}],"curies":[{"name":"wp","href":"https:\/\/api.w.org\/{rel}","templated":true}]}}